In base 4, what is -13 + 200?
121
In base 13, what is 34 + 1?
35
In base 15, what is 4 + -329?
-325
In base 16, what is -609 - -5?
-604
In base 16, what is 6 + -1c?
-16
In base 14, what is 9 - 4?
5
In base 11, what is 0 + -1a29?
-1a29
In base 7, what is 332 + -16?
313
In base 8, what is -4 - 1425?
-1431
In base 16, what is 3e - 26?
18
In base 10, what is -5 + 13?
8
In base 14, what is -5872 - 3?
-5875
In base 6, what is 11 + -1054?
-1043
In base 11, what is 93 + -5?
89
In base 12, what is 391 + 4?
395
In base 2, what is -1100 - -110?
-110
In base 13, what is 10 + -4?
9
In base 14, what is -452 + -6?
-458
In base 10, what is -10 - -21?
11
In base 16, what is -15 + -3?
-18
In base 6, what is -1243 + 2?
-1241
In base 15, what is -20e3 + -3?
-20e6
In base 15, what is -344 + 2?
-342
In base 3, what is -200 - 10?
-210
In base 2, what is -1110 - -10000?
10
In base 5, what is 103 - 301?
-143
In base 14, what is -5 - 92?
-97
In base 2, what is -10 + -1011101100?
-1011101110
In base 5, what is 1 + 30401?
30402
In base 16, what is -4 + 8d?
89
In base 5, what is 22 - 21?
1
In base 2, what is -1000001 + 1111?
-110010
In base 2, what is -11011 + 1011?
-10000
In base 2, what is 101 - 111100?
-110111
In base 14, what is -8 + -c27?
-c31
In base 11, what is -28 + 1?
-27
In base 7, what is -10 - -14?
4
In base 2, what is 10 + 100101101010?
100101101100
In base 7, what is -12 + 225?
213
In base 15, what is e + 5?
14
In base 9, what is 52 + -5?
46
In base 8, what is -1700 + -1?
-1701
In base 2, what is 1010011 - -11001?
1101100
In base 10, what is -22 + -11?
-33
In base 11, what is 37 - -263?
29a
In base 2, what is -11000000 + -1010?
-11001010
In base 3, what is 120020 + 12?
120102
In base 16, what is -10f - a?
-119
In base 14, what is 5 - 264?
-25d
In base 2, what is 0 - 101100110?
-101100110
In base 14, what is ab - -5?
b2
In base 9, what is -36 - 5?
-42
In base 13, what is 6 + 5a?
63
In base 16, what is 518 - 0?
518
In base 15, what is -7 - -34?
2c
In base 2, what is -101 - -100011101?
100011000
In base 9, what is 0 - -3?
3
In base 11, what is 0 - -a?
a
In base 11, what is 1166 - -1?
1167
In base 14, what is -19 + 3?
-16
In base 9, what is -2 + 36?
34
In base 11, what is -2 - 1a24?
-1a26
In base 3, what is -221 - -222?
1
In base 15, what is 5e2e - 5?
5e29
In base 15, what is -1 + -12c?
-12d
In base 2, what is 1001100110 - 100?
1001100010
In base 3, what is 120 - 111?
2
In base 2, what is -100110001 + -1001?
-100111010
In base 13, what is 87 + 7?
91
In base 6, what is 10235 + 4?
10243
In base 14, what is 45 - 2?
43
In base 2, what is -11 + -11011111101?
-11100000000
In base 2, what is 11 + 1000001110?
1000010001
In base 10, what is 33 - 2?
31
In base 11, what is 8 - 138?
-130
In base 10, what is 36 - 2?
34
In base 11, what is 9176 + 1?
9177
In base 6, what is -1222 - 1?
-1223
In base 2, what is -11 - 1000100001?
-1000100100
In base 13, what is 97 + 3b?
105
In base 15, what is -c + 250?
243
In base 2, what is 111010 + -101?
110101
In base 9, what is -46 + -275?
-332
In base 6, what is 1524 + 2?
1530
In base 5, what is 21 - 20?
1
In base 9, what is 4 - 2?
2
In base 9, what is 40 + -360?
-320
In base 7, what is -3033 - -5?
-3025
In base 8, what is -45207 + 4?
-45203
In base 15, what is 43 - 2a?
18
In base 4, what is 3233 + 200?
10033
In base 16, what is b - 65?
-5a
In base 13, what is -8523 + 0?
-8523
In base 7, what is 222 + 5?
230
In base 2, what is 10100001 - -10?
10100011
In base 15, what is -a - -259?
24e
In base 8, what is 3 + 36?
41
In base 8, what is -4 - -100?
74
In base 3, what is -2121201 + 10?
-2121121
In base 10, what is 23 - 0?
23
In base 14, what is 2a90 - -2?
2a92
In base 14, what is 4 - 87?
-83
In base 15, what is 2 - ab?
-a9
In base 4, what is -32211 + 1?
-32210
In base 16, what is -26a + 9?
-261
In base 13, what is 8 + 5?
10
In base 16, what is -7 - 67?
-6e
In base 10, what is -49 + 17?
-32
In base 13, what is 867 - -3?
86a
In base 11, what is 4 + 29?
32
In base 12, what is 3 + 566?
569
In base 9, what is -12 + 1772?
1760
In base 3, what is -2 + -102?
-111
In base 7, what is 0 + -52?
-52
In base 2, what is 1010110101 - -100?
1010111001
In base 16, what is -1 + -19?
-1a
In base 15, what is -d - b7?
-c5
In base 7, what is -6 + -551?
-560
In base 7, what is 146 - -5?
154
In base 7, what is 36656 - -1?
36660
In base 3, what is -22 - 20?
-112
In base 2, what is 1010000 - 10011?
111101
In base 7, what is -5 - 506?
-514
In base 11, what is 0 - 204?
-204
In base 16, what is -788 + -4?
-78c
In base 14, what is -1731 - -5?
-172a
In base 10, what is -23 + -278?
-301
In base 14, what is 3 - -334?
337
In base 4, what is 11 + -301?
-230
In base 7, what is -10 - -1?
-6
In base 9, what is 145 + -1?
144
In base 16, what is 23 + 2?
25
In base 8, what is -23 - 14?
-37
In base 16, what is -3 + 83?
80
In base 5, what is -124403 + 13?
-124340
In base 4, what is 110 - -11302?
12012
In base 2, what is -11100 - 10011010?
-10110110
In base 10, what is -151 - 5?
-156
In base 3, what is 11 + -121212?
-121201
In base 10, what is 4 + -4446?
-4442
In base 3, what is -100021 + -200?
-100221
In base 8, what is 1 - -6564?
6565
In base 11, what is -4 + -176?
-17a
In base 14, what is -100 + 3?
-db
In base 4, what is -3021101 + -11?
-3021112
In base 12, what is 161 + 4?
165
In base 15, what is -3eb + 4?
-3e7
In base 8, what is -1224 + 2?
-1222
In base 3, what is -2 + -11210?
-11212
In base 14, what is -71 - -27?
-48
In base 6, what is -4 - -150?
142
In base 16, what is -2 + 19a?
198
In base 12, what is 1a - -10?
2a
In base 15, what is -14 - -10?
-4
In base 15, what is 2da + -5?
2d5
In base 10, what is -1687 - -1?
-1686
In base 2, what is 1000 - 1?
111
In base 12, what is 2 + 3b?
41
In base 3, what is -2122 - -101?
-2021
In base 15, what is -5 + 7e?
79
In base 5, what is -4 + 314?
310
In base 16, what is -11 - 74?
-85
In base 14, what is -2414 + -1?
-2415
In base 4, what is 33302 + 0?
33302
In base 5, what is 102 + -4443?
-4341
In base 6, what is -4 + 11?
3
In base 16, what is 659 + -2?
657
In base 10, what is -162 + 0?
-162
In base 3, what is -2 - -100101?
100022
In base 15, what is 27b - -3?
27e
In base 13, what is -2 - -60?
5b
In base 9, what is -3 + 125?
122
In base 11, what is -a5 + 0?
-a5
In base 8, what is -445 + -2?
-447
In base 9, what is 5 + -5?
0
In base 13, what is 6 + -5?
1
In base 4, what is 2131111 - 3?
2131102
In base 16, what is -228 + -1?
-229
In base 9, what is 5 - 621?
-615
In base 10, what is 37 - -4?
41
In base 14, what is -4 + 13?
d
In base 8, what is -160 + 2?
-156
In base 11, what is -5 + -88a?
-894
In base 14, what is -dc + 6?
-d6
In base 5, what is 0 - -1304?
1304
In base 16, what is 2 + 10?
12
In base 13, what is 4 - 6b?
-67
In base 14, what is 60a8 - 0?
60a8
In base 14, what is 214d - 0?
214d
In base 2, what is -1111 + 10000?
1
In base 10, what is -151 - 4?
-155
In base 8, what is -665 - -4?
-661
In base 2, what is 1010110 + 10101?
1101011
In base 9, what is -144 + -10?
-154
In base 8, what is 13046 + -3?
13043
In base 2, what is -1101 - 1010100011?
-1010110000
In base 2, what is -111 + -111001?
-1000000
In base 6, what is 30 + -2300?
-2230
In base 4, what is -20 - -122230?
122210
In base 14, what is -6 + -48c?
-494
In base 16, what is -39 - 3?
-3c
In base 9, what is 0 + 12?
12
In base 9, what is -1 + 18?
17
In base 6, what is -12 + -34?
-50
In base 13, what is ca9 - 3?
ca6
In base 4, what is -103132 - -1?
-103131
In base 15, what is -2 - 80?
-82
In base 7, what is 13015 - -3?
13021
In base 4, what is 321103 - -1?
321110
In base 12, what is -135b + 3?
-1358
In base 12, what is 302 - -1?
303
In base 9, what is 4 - -3551?
3555
In base 4, what is -2220033 + 2?
-2220031
In base 6, what is -2 + 135?
133
In base 8, what is -13 + -34?
-47
In base 3, what is -12 + 10221210?
10221121
In base 9, what is -1 - -64?
63
In base 6, what is 5 + -34?
-25
In base 5, what is -13 - -32002?
31434
In base 3, what is 101101 - 1?
101100
In base 9, what is 276 - -3?
280
In base 16, what is 4 - -aa?
ae
In base 3, what is -10022 - 121?
-10220
In base 9, what is 2 - 64?
-62
In base 8, what is -624 + -67?
-713
In base 3, what is -11 + 12220?
12202
In base 3, what is 11 - -200020?
200101
In base 10, what is 5 + 7?
12
In base 16, what is -75 + 17?
-5e
In base 11, what is 53a - 16?